q(-27).
-601
Let s(k) = -6*k**2 + 2673*k - 204327. Determine s(98).
3
Let w(a) = 2*a**2 - 37397*a + 859083. Calculate w(23).
10
Let j(r) = 3*r**2 - 8372*r + 289349. Give j(35).
4
Let j(x) = 2*x**3 - 57*x**2 + 344*x + 99. Determine j(9).
36
Let g(z) = -51*z - 7485. What is g(-151)?
216
Let d(a) = a**2 - 110*a + 809. What is d(19)?
-920
Let a(k) = -56*k**2 - 769*k - 3921. Give a(-5).
-1476
Let b(r) = -3*r**2 + 670*r + 53818. What is b(286)?
50
Let f(r) = -2*r**2 + 2585*r + 709125. Calculate f(1525).
0
Let k(a) = -12*a**3 + 185*a**2 - 45*a - 110. Determine k(15).
340
Let l(n) = 5*n**2 + 220*n + 97. Give l(-44).
97
Let g(w) = -w**3 + 31*w**2 + 70*w - 57. Give g(33).
75
Let q(x) = 2*x**3 + 146*x**2 + 218*x - 4727. Calculate q(-71).
-41
Let a(m) = 2*m**3 - 102*m**2 - 132*m + 1098. Determine a(52).
-358
Let l(m) = -510338*m - 29599606. Determine l(-58).
-2
Let h(r) = -116*r**2 + 686*r - 15. Determine h(6).
-75
Let r(n) = -9*n**3 - 14*n**2 - 180*n + 603. What is r(3)?
-306
Let w(v) = -2*v**3 - 63*v**2 - 92*v - 3913. Calculate w(-32).
55
Let k(x) = x**2 + 2558*x - 12805. What is k(5)?
10
Let o(s) = -s**3 - 189*s**2 + 1953*s - 7360. What is o(-199)?
3
Let l(w) = -1002949*w - 8023540. What is l(-8)?
52
Let k(z) = -2*z**3 + z**2 + 228*z - 1207. What is k(6)?
-235
Let q(c) = -53*c + 19. Determine q(9).
-458
Let r(v) = -4*v**2 + 297*v - 4430. Determine r(46).
768
Let j(d) = -839*d**2 - 23*d - 22. Determine j(-1).
-838
Let k(t) = 1946*t - 138383. Calculate k(71).
-217
Let p(o) = -2*o**2 + 50*o + 1615. Give p(-33).
-2213
Let y(t) = t**2 + 62*t - 2108. What is y(24)?
-44
Let v(w) = -3681*w - 776682. Determine v(-211).
9
Let y(n) = 1462*n + 338869. Give y(-232).
-315
Let g(l) = -1765*l**2 - 7071*l + 3. Calculate g(-4).
47
Let b(f) = -2*f**3 - 67*f**2 - 332*f - 9712. Calculate b(-33).
155
Let i(p) = 239*p - 4414. Give i(18).
-112
Let x(n) = 63*n**2 - 360*n - 526. Give x(7).
41
Let g(b) = b**3 - 118*b**2 + 3314*b - 243. Calculate g(72).
-99
Let p(g) = 382*g**3 + g**2 - 6*g + 16. Give p(2).
3064
Let h(m) = -74*m**2 + 2273*m + 382. Calculate h(31).
-269
Let r(p) = -p**2 + 541*p - 4751. What is r(9)?
37
Let f(p) = 3642*p - 65530. Give f(18).
26
Let s(f) = f**3 - 103*f**2 - 659*f + 90. Give s(109).
-455
Let t(p) = -36*p - 5893. Give t(-172).
299
Let v(m) = -737*m**2 + 2204*m - 4. Calculate v(3).
-25
Let x(b) = 9*b**2 + 645*b + 5459. Give x(-61).
-397
Let t(c) = -9272*c - 36986. Calculate t(-4).
102
Let m(o) = -2*o**2 - 8504*o + 1229754. Determine m(140).
-6
Let k(y) = 80*y**2 - 314*y - 1210. What is k(-4)?
1326
Let p(k) = -k**3 + 8*k**2 - 136*k - 504. Give p(-4).
232
Let v(a) = -2*a**2 - 110420*a + 331262. Give v(3).
-16
Let a(k) = 483*k + 419. What is a(6)?
3317
Let j(u) = 7*u**2 - 441*u + 72. Determine j(66).
1458
Let h(o) = 2*o**2 - 583*o - 6576. What is h(303)?
393
Let w(p) = -7929*p + 3813848. Give w(481).
-1
Let s(j) = -j**2 + 3993*j - 185464. Give s(47).
-2
Let z(x) = 63215*x + 3223967. Calculate z(-51).
2
Let c(y) = -41*y**2 + 639*y - 1904. Give c(3).
-356
Let h(p) = -4*p**2 + 700*p - 9607. Calculate h(15).
-7
Let w(n) = -n**3 + 589*n**2 - 10538*n - 166447. Determine w(570).
-7
Let g(a) = -2*a**2 + 5830*a - 40756. What is g(7)?
-44
Let y(w) = -2*w**2 + 6133*w - 24491. Give y(4).
9
Let k(c) = c**3 - 198*c**2 - 3898*c - 79. Give k(-18).
101
Let g(h) = -h**3 - 310*h**2 + 24*h + 7167. Calculate g(-310).
-273
Let f(o) = -13*o**2 + 102*o + 47. Calculate f(6).
191
Let j(a) = -4*a**2 + 10795*a - 53881. Determine j(5).
-6
Let x(q) = 180*q + 20172. Calculate x(-112).
12
Let z(v) = -89698*v**2 - 986681*v - 27. Determine z(-11).
6
Let f(x) = 149*x - 13555. What is f(90)?
-145
Let i(w) = 105780*w - 105649. Calculate i(1).
131
Let a(x) = -x**3 - 40*x**2 + 768*x - 2934. Calculate a(6).
18
Let c(q) = 3*q**3 - q**2 + 24*q + 84. Give c(-2).
8
Let w(m) = -17*m**3 - 12*m**2 + 288*m + 622. Calculate w(-2).
134
Let x(c) = 3*c**3 + 103*c**2 + 41*c + 42. Determine x(-34).
-196
Let z(c) = -c**2 - 30111*c + 120445. Determine z(4).
-15
Let a(n) = -2*n**3 - 3527*n - 116. Calculate a(0).
-116
Let q(y) = 2*y**3 - 65*y**2 + 456*y + 429. Calculate q(21).
-138
Let o(y) = y**3 - 31*y**2 + 139*y - 6776. What is o(33)?
-11
Let o(q) = 177927*q - 889651. Give o(5).
-16
Let c(z) = -z**2 + 282*z + 7775. What is c(-23)?
760
Let u(d) = -3945*d + 311609. What is u(79)?
-46
Let x(p) = -6*p**2 - 84697*p + 254093. Calculate x(3).
-52
Let i(g) = -34*g**3 - 21897*g**2 - 755*g - 71483. Give i(-644).
1
Let h(t) = -t**2 - 37*t + 82323. Give h(269).
9
Let p(m) = -4*m**2 - 377*m - 7375. What is p(-71)?
-772
Let b(g) = g**3 - 109*g**2 - 1331*g + 31741. What is b(118)?
-1
Let d(o) = -550*o + 19058. Determine d(35).
-192
Let o(j) = j**3 - 12*j**2 - 2201*j + 30294. Give o(14).
-128
Let w(x) = -4*x - 34. Determine w(-121).
450
Let o(k) = -36*k**3 - 216*k**2 - 188*k - 21. What is o(-5)?
19
Let p(x) = 174621*x - 174643. Calculate p(1).
-22
Let d(u) = 5*u**2 - 94*u + 60. What is d(22)?
412
Let i(g) = -g**3 + 75*g**2 - 186*g + 22938. Determine i(76).
3026
Let n(b) = 809*b + 6478. What is n(-9)?
-803
Let u(m) = 141853*m - 3830047. Give u(27).
-16
Let u(x) = 131*x + 1701. Calculate u(-13).
-2
Let f(m) = m**3 + 7*m**2 - 60*m + 626. Give f(9).
1382
Let y(c) = -3*c**3 - 36*c**2 + 28*c - 514. What is y(-16)?
2110
Let o(v) = -231*v**2 - 18718*v - 524. Determine o(-81).
43
Let c(v) = 3817*v + 61067. Determine c(-16).
-5
Let a(k) = 239*k**2 + 6239*k + 25216. What is a(-5)?
-4
Let v(c) = -381*c**3 - 2287*c**2 + 47*c + 358. Calculate v(-6).
40
Let f(y) = -y**2 - 31377*y - 5118931. Calculate f(-164).
1
Let a(v) = -v**3 - 5029*v**2 - 1431977*v + 303. Calculate a(-303).
0
Let m(f) = -183*f**3 - 732*f**2 - 16*f - 57. What is m(-4)?
7
Let z(l) = 135*l - 7462. Determine z(93).
5093
Let y(j) = -j**3 + 37*j**2 + 376*j - 13859. Determine y(35).
1751
Let h(c) = 1314*c + 145853. Give h(-111).
-1
Let u(t) = 2*t**3 + 33*t**2 + 98*t - 4. Give u(-11).
249
Let i(h) = -14*h**3 - 13*h**2 + 16*h - 44. Give i(-7).
4009
Let x(k) = -2*k**2 + 7112*k + 21357. Give x(-3).
3
Let p(z) = -2883*z - 66049. Calculate p(-23).
260
Let p(r) = 3003425*r - 6006845. Give p(2).
5
Let b(a) = -1099088*a + 4. Determine b(0).
4
Let u(n) = -13726*n + 260793. Determine u(19).
-1
Let j(w) = -120*w**3 + 6*w**2 - 21*w - 56. What is j(-2)?
970
Let k(t) = 21545*t + 4007364. Determine k(-186).
-6
Let v(n) = -28*n - 10835. Give v(-372).
-419
Let z(o) = -832059*o - 46. Calculate z(0).
-46
Let k(h) = -94*h**2 - 153199*h + 34230. Determine k(-1630).
0
Let d(u) = 3779*u + 107580. Calculate d(-28).
1768
Let c(v) = v**3 + 161*v**2 - 1014*v - 1866. Give c(-167).
138
Let g(a) = a**3 - 28*a**2 - 16190*a + 287. What is g(142)?
3
Let l(a) = a**3 + 299*a**2 - 1323*a - 125990. Calculate l(-302).
-56
Let q(d) = d**3 + 49*d**2 + 593*d + 15. Give q(-30).
-675
Let h(s) = -1253*s - 40094. Determine h(-32).
2
Let u(w) = w**3 + 183*w**2 - 1152*w - 3403. What is u(-189)?
-1
Let o(u) = -198393*u - 396844. Determine o(-2).
-58
Let q(p) = 1599*p**2 - 6*p - 1. Calculate q(0).
-1
Let k(n) = 1292*n + 6173. Calculate k(-5).
-287
Let q(d) = 8018*d - 561212. Calculate q(70).
48
Let m(q) = -848*q - 1356. Give m(0).
-1356
Let m(u) = u**3 - 86*u**2 - 188*u - 576. Calculate m(88).
-1632
Let d(y) = -y**3 + 121*y**2 + 3*y + 176. What is d(0)?
176
Let a(x) = 498*x + 17303. Calculate a(-35).
-127
Let a(j) = 197*j**2 + 29351*j + 678. Calculate a(-149).
976
Let a(t) = t**3 + 121*t**2 - 125*t - 1321. Give a(-122).
-955
Let v(o) = -o**3 + 16*o**2 - 101*o + 540. Determine v(10).
130
Let h(b) = 1397*b**3 - 2*b - 4. Determine h(-1).
-1399
Let n(w) = -6240*w**2 - 2196469*w + 3870. What is n(-352)?
-2
Let k(f) = 61*f**2 - 748*f + 206. Determine k(12).
14
Let u(z) = -15*z**2 + 733*z - 4415. Give u(42).
-89
Let d(j) = -15*j**3 - 1308*j**2 + 1063*j + 522. Calculate d(-88).
-94
Let y(h) = -605*h - 11028. What is y(-19)?
467
Let n(x) = 572*x - 10798. Calculate n(19).
70
Let d(k) = 8355*k + 4135718. What is d(-495)?
-7
Let r(d) = -5*d**2 - 35*d + 148. Determine r(-9).
58
Let z(p) = 35771*p - 34519019. What is z(965)?
-4
Let y(l) = 4*l**2 + 777*l + 35707. Give y(-119).
-112
Let n(i) = -114*i - 33516. Give n(-294).
0
Let s(u) = -u**3 + 50*u**2 + 1575*u - 77714. Calculate s(51).
10
Let h(a) = -12*a**3 + 14*a**2 - 1609*a + 1606. Ca